4, 0 = -4*q + q - 2*n + 11. Let i(x) = -3*x + 12. Determine i(q).
-9
Let g(a) = -a**3 - 11*a**2 + 8*a - 54. Let w be g(-12). Let b(v) = v**3 + 8*v**2 + 6*v - 18. Calculate b(w).
18
Let t(l) be the third derivative of l**5/60 - l**4/8 + 3*l**3/2 - 38*l**2. Let r(i) = -2*i**2 + 7*i - 18. Let p(m) = -4*r(m) - 9*t(m). What is p(0)?
-9
Suppose -16 = -9*p + 13*p, 0 = -2*l + 4*p + 30. Let h(c) = -c**3 + 8*c**2 - 9*c - 1. Calculate h(l).
-15
Let d(v) = -2*v**2 - 14*v - 9. Let q = -6 - -13. Let p(g) = -2*g**2 + 7 - q*g - 12 + g**2. Let b(h) = -4*d(h) + 7*p(h). Calculate b(-6).
-5
Let f(i) = -i**2 - 12*i**2 - 10*i**2 + 3 - i**3 + 2 + 30*i**2 - 9*i. Let q(w) = w**3 - 3*w**2 - 4*w + 6. Let a be q(4). Determine f(a).
-13
Let z(g) = -3*g**2 + 9*g - 5. Let y(m) = 16*m**2 - 45*m + 26. Let s(b) = 2*y(b) + 11*z(b). Determine s(9).
-3
Suppose 6*b - 2 = -8. Let w(f) = 9*f**2. Calculate w(b).
9
Let t = -131 - -135. Let d(a) be the third derivative of 0*a - 1/12*a**t + 1/6*a**3 + 0 - 3*a**2 + 1/60*a**5. What is d(4)?
9
Let g(m) = -44*m + 56*m + 2 - 12 + m**2 - 3. What is g(-14)?
15
Suppose 4*h + 4*s - 32 = 0, 14*h - 30 = 9*h + 5*s. Let n(z) = -z**3 + 6*z**2 + 6*z - 5. What is n(h)?
-12
Let h(v) be the second derivative of -38*v + 7*v**2 + 0 + 1/6*v**3. Give h(-11).
3
Let d be (3/(-30))/((40/(-4))/5). Let z(t) be the second derivative of 4*t - 1/6*t**4 + 5/6*t**3 - d*t**5 + t**2 + 0. Give z(-3).
-4
Let s = -13 - -21. Let v(f) = 3*f - 5*f - s*f. Let y(c) = -161*c. Let l(j) = -49*v(j) + 3*y(j). Give l(-2).
-14
Suppose 2*x = y - 16, -2*y = 2*y + 5*x + 1. Let j(k) = 7*k + y*k**3 - 6*k**2 - 21*k**3 - 4 + 14*k**3. Calculate j(-7).
-4
Let c(t) = t + 2. Let f be c(2). Let p be (-3)/2 - (-2)/f. Let i(s) = -2*s**2 + 331*s**3 - 2 + 7 - 5 - 332*s**3 - s. Give i(p).
0
Suppose -5*v = -x + 7 - 38, 2*v - 10 = x. Let r(u) = 5*u - 38. Let m be r(v). Let l(p) = p**2 - 3. Give l(m).
6
Suppose 11 = 6*h + 5*h. Let o be (108/126)/(h/7). Let z(x) = x**2 - 7*x - 3. Calculate z(o).
-9
Suppose -2*q + 54 = 2*n - 4*n, 94 = 4*q + 3*n. Let u = -26 + q. Let k(d) = d + 1. Let i(v) = 1. Let a(x) = 6*i(x) - 7*k(x). Determine a(u).
6
Let q(w) = -w**2 - 2*w + 1. Suppose 43 = 6*h - 5. Let p be (-18)/27 - 1/(-3)*h. Calculate q(p).
-7
Let y(o) = -3*o. Let z(f) = f - 5. Let g = 15 - 9. Suppose -5*r + 14 = -g. Let h be z(r). Calculate y(h).
3
Let l(n) = 2*n**2 - 4*n + 3. Suppose 6 = 170*v - 167*v. Calculate l(v).
3
Let w(r) = r**2 + 5*r + 5. Let h = 4 - -3. Let x be (2/4)/(h/(-168)). Let o = x + 7. Determine w(o).
5
Let m(y) be the third derivative of 1/24*y**4 + 0*y + 0 + 1/720*y**6 + 1/24*y**5 + 0*y**3 + 5*y**2. Let k(j) be the second derivative of m(j). Calculate k(-4).
1
Suppose 3*t + n = -1 + 9, -2*t = -4*n + 18. Let b(d) = -4*d**2 + 3*d. Determine b(t).
-1
Let s(t) = 9402 - 3*t + 0*t + 4*t - 4*t - 9429. Calculate s(-9).
0
Let h(n) be the first derivative of n**2/2 - 7*n + 48. Determine h(5).
-2
Let l = 6 + -17. Let q = l - -13. Suppose 4*d + o = 7 - 0, -5*d = -q*o + 1. Let v(c) = 3*c. Calculate v(d).
3
Let k(m) = 8*m - 4. Let b = 292 + -289. Calculate k(b).
20
Let j(g) = -3*g**2 + g + 1. Let a be j(2). Let t(b) = -4 + 3 - 1 - b - 5 - 1. Determine t(a).
1
Let c(k) = k + 16. Let d(m) = m + 14. Let b(s) = -3*c(s) + 4*d(s). Let y(j) = 2*j + 7. Suppose 3 = 3*g - 3. Let t(z) = g*y(z) - 3*b(z). What is t(5)?
-5
Let u(v) = v**2 - 3*v - 4. Let h = 250 - 245. Give u(h).
6
Let l(f) = f**2 + 4*f - 11. Let b be (-4)/(-6)*45/(-6). Let d be l(b). Let i(o) = 3*o + 5. Let w(c) = c + 2. Let y(s) = 2*i(s) - 7*w(s). Determine y(d).
2
Suppose -12*g = -10*g. Let r(v) = 3*v**2 + 2*v - 10. Let t(f) = 10*f**2 + 7*f - 29. Let q(d) = 7*r(d) - 2*t(d). What is q(g)?
-12
Let f be -6*(-2 + 8/(-12)). Suppose 4*n + 4 = -3*h, -6*n + 3*h + f = -4*n. Let o(x) = -2*x**n + 2 - 2*x - x**3 + 2 + 7*x**2 - 4*x. What is o(4)?
-4
Let i(m) = -m**3 + 6*m**2 - 3*m - 5. Let o be i(3). Suppose -4*s + z - o = -4*z, 2*z - 4 = s. Let q(k) = k - 1. Give q(s).
-3
Suppose -5*f - 2*v - 7 = 12, -v + 28 = -5*f. Let k(p) = 11*p**3 + p**2 - 6*p + 4. Let o(s) = -3*s**3 - 2*s**2. Let m(c) = k(c) + 4*o(c). What is m(f)?
-16
Let t(s) = -s - 2. Suppose x = 4*l + 4*x - 2028, -2*x + 2528 = 5*l. Let k be 2/(-11) - l/132. Let f be -1 - k/((-4)/(-3)). Determine t(f).
-4
Let d(m) be the third derivative of m**5/60 - 7*m**4/24 + 165*m**2. What is d(3)?
-12
Let a(s) = -4*s**3 - 1. Let g = 4 + -11. Let i be 2 + (6 - 2) + 0. Let v = g + i. Determine a(v).
3
Let q(m) = -3*m - 8. Suppose -n = -2 - 0, -5*t = -n - 3. Suppose -3*w - 33 = 3*j, -w = -3*j + 4*w - t. Give q(j).
13
Suppose -s = -5*b + 3*s + 36, -5*b = -3*s - 32. Suppose b - 5 = v. Let w(k) = -6*k - 1 + 2 + 0. Give w(v).
7
Let v = 370 - 372. Let g(n) = -5*n**3 - n**2 - 3*n - 3. Calculate g(v).
39
Suppose 6*z - 9*z = -9. Let r(b) = -5 + 3*b + 3 + 17*b**2 - b**z - 16*b**2. Determine r(2).
0
Let n be 3/3*-2 + 3*1. Let y be -4 - 6*2/(-1). Let x(q) = 1 + 9*q - 39*q + y*q**3 + 15*q + 14*q. Determine x(n).
8
Let t = -6 + 6. Let c(u) = 6 + 7*u**2 - u - 3*u**2 - 3*u**2 + t*u**2. Suppose -b - 4*b = 0. What is c(b)?
6
Suppose 0*k = 7*k - 28. Let m be (64/4)/k - 4. Let a(i) = i**2 + i + 6. Determine a(m).
6
Suppose 2*o = -4*j + 20, -5*j + 12 = -2*o - 4. Let l(k) be the first derivative of 6 + 0*k**2 - 1/3*k**3 - 1/2*k**j - 2*k. Determine l(-2).
10
Let t be 4/(-12)*-6 - 2. Suppose 0 = -t*p + p + 5. Let b(i) = -i - 10. Give b(p).
-5
Let q(o) be the second derivative of 1/6*o**3 - 1/20*o**5 + 0 + 10*o - 5*o**2 + 1/12*o**4. Give q(0).
-10
Let b(o) = o**3 + 5*o**2 - 6*o + 3. Suppose 4*v + 82 = 2*s + 20, 4*s - 109 = 5*v. Let q(z) = -8*z + 1. Let c be q(-1). Suppose -5*i - s - c = 0. What is b(i)?
3
Suppose -4*l + l + 12 = 0, -112 = 5*m - 3*l. Let r = -15 - m. Suppose -2*h = r - 3. Let i(k) = 3*k - 1. Calculate i(h).
-4
Let r(t) be the third derivative of 0 + 0*t + 5/24*t**4 - 10*t**2 + 1/6*t**3. Give r(-1).
-4
Let n(y) = 2*y - 7. Let a(d) = d - 1. Let f(s) = -a(s) + n(s). Give f(0).
-6
Suppose 0 = 2*o + o + 363. Let q = 115 + o. Let r(a) = -a**3 - 6*a**2 - 7. Give r(q).
-7
Let a(s) be the third derivative of -s**5/60 - s**4/12 + 76*s**2 + s. Let x(y) = -5*y**2 + 4*y**2 + 0*y - 2*y - y. Let h be x(-4). Determine a(h).
-8
Let b be ((-66)/(-77))/(3/(-35)). Let a(f) = 4*f - 14. Give a(b).
-54
Let l(y) = 2*y. Let t(z) be the second derivative of z**5/20 + 2*z**4/3 + 3*z**3/2 + 5*z**2 + 28*z. Let g(q) = -q + 1. Let c be g(8). Let x be t(c). Give l(x).
-8
Suppose -787*d + 781*d = -96. Let v(s) = -s + 21. Give v(d).
5
Let l(s) = -s**2 + 2. Suppose 4*g = 2*z - 140, -z - g - 140 = -3*z. Let u = z + -67. Give l(u).
-7
Let j(o) = -85*o**2 - 6534 + 86*o**2 + 6534 - o. Let v = -3 + 5. Give j(v).
2
Let y be (14/(224/36))/(6/16). Let f(g) = -2*g**2 + 8*g - 5. Determine f(y).
-29
Let v = -130 - -134. Suppose 0 = v*o - 43 + 11. Let f(i) = i**2 - 9*i + 5. Give f(o).
-3
Let n be ((-1)/3)/(3/(-18)). Let r(f) = 8*f**2 + 2*f + f**n - 11*f**2. What is r(2)?
-4
Let n(o) = -639*o**2 + 643*o**2 + 0*o + 2*o + 3 + o**3. Let t = 0 - 3. What is n(t)?
6
Let u(o) = -14*o**2 + 0 - 5*o + 4*o - 1. Let k(t) = 3*t + 128. Let m be k(-43). Determine u(m).
-14
Let g(s) = -9*s**2 + s + 1. Let d = -274 - -276. Give g(d).
-33
Let v(m) = m**3 - 6*m**2 + 2*m - 5. Let y be v(6). Suppose -r + 1 = -t + 6, -2*t + y = -r. Let j(n) = -2 + 3*n + 6*n + t. Give j(1).
9
Let j = 156 + -153. Let f(x) = -3*x + 52*x**j - 3 + 3*x**2 - 51*x**3 - 4*x**2. Give f(-2).
-9
Suppose 5*j + u = 17, -j - 2*u - 11 = -6*j. Suppose 2*k - 6 = 0, 0 = -2*f - 5*k - j + 16. Let w(c) = c**3 + c**2 + 2*c + 1. Determine w(f).
-1
Let n be 4/5 + 1683/165. Let r(j) = j**2 - 12*j + 30. Give r(n).
19
Let i(l) = l**2 - 3*l - 4. Let r = -1867 + 1864. Calculate i(r).
14
Let h = -274 - -390. Let j(d) = h - 6*d**3 - 116. Calculate j(1).
-6
Suppose 10 = 2*m - 2*w, m + 3*w = 3*m - 8. Suppose 3*v - m*v = -20. Let t(i) = v + i**2 - 4 - 6 + 1. Determine t(0).
-4
Let q(d) = -9*d - 8. Let l(c) = 9*c + 9. Let a(p) = -3*l(p) - 4*q(p). Calculate a(-5).
-40
Let v(r) = r - 1. Let z(l) = 5*l**3 - 12*l + 1. Let k(h) = h**3 - h + 1. Let a(n) = -4*k(n) + z(n). Let c be a(-3). Determine v(c).
-7
Let i(a) = 0 + 1 - 3085*a + 3087*a. Let v = 9 + -5. What is i(v)?
9
Let p(h) = -2*h - 1. Let o be (8/4)/((-2)/7). Calculate p(o).
13
Let z(o) = -o